 of 92118?
2, 3, 13, 1181
List the prime factors of 295539.
3, 29, 43, 79
List the prime factors of 268595.
5, 53719
List the prime factors of 1560425.
5, 62417
What are the prime factors of 246475?
5, 9859
What are the prime factors of 4901960?
2, 5, 7, 41, 61
List the prime factors of 6815364.
2, 3, 567947
What are the prime factors of 1524781?
17, 257, 349
List the prime factors of 320833.
320833
What are the prime factors of 4683531?
3, 193, 8089
What are the prime factors of 25828482?
2, 3, 1811, 2377
List the prime factors of 1733613.
3, 7, 31, 2663
What are the prime factors of 165639?
3, 55213
What are the prime factors of 469186?
2, 19, 12347
What are the prime factors of 2501154?
2, 3, 283, 491
List the prime factors of 17522361.
3, 941, 2069
List the prime factors of 552496.
2, 7, 4933
List the prime factors of 20336.
2, 31, 41
List the prime factors of 1292546.
2, 646273
What are the prime factors of 4707205?
5, 941441
What are the prime factors of 68375?
5, 547
List the prime factors of 396306.
2, 3, 41, 179
What are the prime factors of 310073?
43, 7211
What are the prime factors of 14004450?
2, 3, 5, 31121
List the prime factors of 4114126.
2, 199, 10337
List the prime factors of 2525461.
19, 61, 2179
What are the prime factors of 17025793?
431, 39503
List the prime factors of 6296469.
3, 73, 28751
List the prime factors of 296462.
2, 227, 653
List the prime factors of 252770.
2, 5, 7, 23, 157
List the prime factors of 1034777.
181, 5717
List the prime factors of 15292478.
2, 73, 104743
List the prime factors of 931258.
2, 47, 9907
List the prime factors of 1401859.
673, 2083
What are the prime factors of 8102752?
2, 7, 61, 593
What are the prime factors of 250223?
17, 41, 359
List the prime factors of 207447.
3, 69149
List the prime factors of 5696827.
19, 41, 71, 103
List the prime factors of 314651.
314651
List the prime factors of 8288582.
2, 4144291
List the prime factors of 868736.
2, 11, 617
List the prime factors of 563845.
5, 23, 4903
What are the prime factors of 2843903?
2843903
What are the prime factors of 97677?
3, 10853
What are the prime factors of 10486113?
3, 11, 197, 1613
What are the prime factors of 1443006?
2, 3, 80167
What are the prime factors of 634302?
2, 3, 131, 269
What are the prime factors of 168973?
7, 101, 239
What are the prime factors of 462477?
3, 154159
List the prime factors of 13211996.
2, 7, 389, 1213
List the prime factors of 70141.
70141
What are the prime factors of 6193804?
2, 1548451
List the prime factors of 722130.
2, 3, 5, 24071
List the prime factors of 252341.
252341
List the prime factors of 15137232.
2, 3, 11, 28669
What are the prime factors of 71796?
2, 3, 31, 193
What are the prime factors of 113616?
2, 3, 263
List the prime factors of 5198685.
3, 5, 17, 19, 29, 37
What are the prime factors of 353918?
2, 311, 569
List the prime factors of 1318627.
67, 19681
What are the prime factors of 2030084?
2, 7, 72503
What are the prime factors of 112401?
3, 23, 181
What are the prime factors of 1403251?
1403251
What are the prime factors of 1043819?
7, 41, 3637
List the prime factors of 2737183.
2737183
List the prime factors of 2340951.
3, 17, 197, 233
List the prime factors of 245928.
2, 3, 10247
List the prime factors of 2427837.
3, 383, 2113
List the prime factors of 964208.
2, 7, 8609
List the prime factors of 1704405.
3, 5, 37, 83
What are the prime factors of 193777?
107, 1811
What are the prime factors of 78318?
2, 3, 19, 229
List the prime factors of 330823.
330823
What are the prime factors of 206055?
3, 5, 19, 241
What are the prime factors of 1077134?
2, 538567
What are the prime factors of 8388478?
2, 7, 83, 7219
What are the prime factors of 472946?
2, 89, 2657
What are the prime factors of 478399?
478399
What are the prime factors of 1360361?
29, 61, 769
What are the prime factors of 5728448?
2, 11, 79, 103
What are the prime factors of 22023?
3, 2447
List the prime factors of 1809310.
2, 5, 17, 29, 367
List the prime factors of 17515959.
3, 79, 73907
List the prime factors of 5009034.
2, 3, 233, 3583
List the prime factors of 3751739.
3751739
What are the prime factors of 14037059?
2213, 6343
List the prime factors of 8329003.
29, 53, 5419
What are the prime factors of 510326?
2, 47, 61, 89
List the prime factors of 30280.
2, 5, 757
What are the prime factors of 7431712?
2, 71, 3271
List the prime factors of 127493.
127493
What are the prime factors of 2708111?
7, 263, 1471
List the prime factors of 337105.
5, 67421
List the prime factors of 9039229.
41, 220469
List the prime factors of 561264.
2, 3, 11, 1063
List the prime factors of 20334736.
2, 367, 3463
List the prime factors of 238928.
2, 109, 137
List the prime factors of 152156.
2, 38039
List the prime factors of 3058398.
2, 3, 7, 29, 31
List the prime factors of 17620237.
17620237
What are the prime factors of 4724745?
3, 5, 314983
What are the prime factors of 7359278?
2, 43, 83, 1031
What are the prime factors of 314733?
3, 104911
What are the prime factors of 4555308?
2, 3, 139, 2731
What are the prime factors of 2514075?
3, 5, 33521
List the prime factors of 96723.
3, 11, 977
List the prime factors of 37908.
2, 3, 13
List the prime factors of 2503284.
2, 3, 7, 17, 1753
List the prime factors of 263462.
2, 131731
What are the prime factors of 163076?
2, 59, 691
What are the prime factors of 277021?
277021
What are the prime factors of 162732?
2, 3, 71, 191
List the prime factors of 20203544.
2, 2525443
What are the prime factors of 1152906?
2, 3, 17, 89, 127
What are the prime factors of 4934582?
2, 29, 149, 571
List the prime factors of 15005802.
2, 3, 7, 357281
List the prime factors of 375971.
375971
What are the prime factors of 29352?
2, 3, 1223
What are the prime factors of 17514709?
17, 757, 1361
What are the prime factors of 493106?
2, 373, 661
List the prime factors of 327839.
327839
What are the prime factors of 1057730?
2, 5, 19, 293
What are the prime factors of 8287958?
2, 7, 23, 3677
List the prime factors of 620164.
2, 227, 683
List the prime factors of 31701.
3, 10567
List the prime factors of 5739495.
3, 5, 31, 12343
What are the prime factors of 594469?
594469
List the prime factors of 186960.
2, 3, 5, 19, 41
List the prime factors of 3386412.
2, 3, 109, 863
List the prime factors of 7732266.
2, 3, 1288711
List the prime factors of 35662.
2, 11, 1621
List the prime factors of 2619338.
2, 29, 45161
What are the prime factors of 512544?
2, 3, 19, 281
What are the prime factors of 12118399?
17, 712847
List the prime factors of 430724.
2, 7, 15383
What are the prime factors of 33433?
67, 499
What are the prime factors of 608798?
2, 19, 37, 433
List the prime factors of 16406.
2, 13, 631
What are the prime factors of 262413?
3, 9719
What are the prime factors of 29026427?
181, 160367
List the prime factors of 152206.
2, 76103
What are the prime factors of 8762863?
31, 67, 4219
List the prime factors of 216571.
216571
List the prime factors of 604462.
2, 173, 1747
What are the prime factors of 3559584?
2, 3, 7, 5297
What are the prime factors of 1626437?
1626437
What are the prime factors of 15249157?
7, 11, 29, 6829
What are the prime factors of 2098137?
3, 699379
List the prime factors of 5420606.
2, 2710303
What are the prime factors of 1403125?
5, 449
List the prime factors of 80035.
5, 16007
What are the prime factors of 1222351?
13, 17, 5531
List the prime factors of 2924953.
2924953
List the prime factors of 849628.
2, 13, 16339
What are the prime factors of 80425?
5, 3217
What are the prime factors of 214697?
7, 30671
What are the prime factors of 202002?
2, 3, 131, 257
List the prime factors of 1330274.
2, 11, 23, 239
List the prime factors of 781493.
781493
List the prime factors of 457392.
2, 3, 13, 733
List the prime factors of 225011.
29, 7759
List the prime factors of 4181035.
5, 59, 14173
List the prime factors of 506735.
5, 101347
What are the prime factors of 523682?
2, 29, 9029
List the prime factors of 236963.
17, 53, 263
List the prime factors of 244181.
7, 34883
List the prime factors of 567729.
3, 43, 163
What are the prime factors of 314875?
5, 11, 229
What are the prime factors of 37874371?
73, 173, 2999
What are the prime factors of 69944?
2, 7, 1249
What are the pri